{"id":1564,"date":"2021-01-26T11:00:35","date_gmt":"2021-01-26T10:00:35","guid":{"rendered":"https:\/\/www.hksys.de\/cms16\/?page_id=1564"},"modified":"2024-04-30T17:00:19","modified_gmt":"2024-04-30T15:00:19","slug":"leistungen","status":"publish","type":"page","link":"https:\/\/hksys.de\/cms16\/leistungen\/","title":{"rendered":"Expertise und Portfolio"},"content":{"rendered":"<p><img loading=\"lazy\" decoding=\"async\" class=\"alignnone wp-image-1150\" src=\"https:\/\/www.hksys.de\/cms16\/wp-content\/uploads\/2016\/06\/cropped-Fotolia_107620848_S-300x200.jpg\" alt=\"\" width=\"599\" height=\"399\" srcset=\"https:\/\/hksys.de\/cms16\/wp-content\/uploads\/2016\/06\/cropped-Fotolia_107620848_S-300x200.jpg 300w, https:\/\/hksys.de\/cms16\/wp-content\/uploads\/2016\/06\/cropped-Fotolia_107620848_S-1024x682.jpg 1024w, https:\/\/hksys.de\/cms16\/wp-content\/uploads\/2016\/06\/cropped-Fotolia_107620848_S-768x512.jpg 768w, https:\/\/hksys.de\/cms16\/wp-content\/uploads\/2016\/06\/cropped-Fotolia_107620848_S-1536x1023.jpg 1536w, https:\/\/hksys.de\/cms16\/wp-content\/uploads\/2016\/06\/cropped-Fotolia_107620848_S-20x13.jpg 20w, https:\/\/hksys.de\/cms16\/wp-content\/uploads\/2016\/06\/cropped-Fotolia_107620848_S.jpg 1600w\" sizes=\"auto, (max-width: 599px) 100vw, 599px\" \/><\/p>\n<p>&nbsp;<\/p>\n<p>Ihr engagierter und kompetenter Partner in den Bereichen:<\/p>\n<ul>\n<li>K\u00fcnstliche Intelligenz f\u00fcr industrielle Anwendungen <a href=\"https:\/\/hksys.de\/cms16\/kuenstliche-intelligenz-fuer-industrielle-anwendungen\/\">&gt;&gt;<\/a><\/li>\n<li>Innovative IT-L\u00f6sungen <a href=\"https:\/\/www.hksys.de\/cms16\/it-solutions\/\">&gt;&gt;<\/a><\/li>\n<li>Beratung, Planung und Begleitung von Innovationen und Investitionen <a href=\"https:\/\/www.hksys.de\/cms16\/beratung-planung-und-begleitung-von-innovationen-und-investitionen\/\">&gt;&gt;<\/a><\/li>\n<li>Qualit\u00e4tssicherung und Auditbegleitung <a href=\"https:\/\/www.hksys.de\/cms16\/qualitaetssicherung-und-auditbegleitung\/\">&gt;&gt;<\/a><\/li>\n<li>Sachverst\u00e4ndigenleistungen und Gutachten <a href=\"https:\/\/www.hksys.de\/cms16\/sachverstaendigenbuero\/\">&gt;&gt;<\/a><\/li>\n<li>Cybersecurity\/Cyberdefense und IT-Forensik <a href=\"https:\/\/www.hksys.de\/cms16\/kommunikation-netzwerke-und-it-security\/\">&gt;&gt;<\/a><\/li>\n<li>Begleitung und Design zur Auditierung und Zertifizierung ISO 27001 KRITIS und ISO 62443 <a href=\"https:\/\/www.hksys.de\/cms16\/training-und-dokumentation\/\">&gt;&gt;<\/a><\/li>\n<li>Data-Science, Big Data, AI, Machine Learning<\/li>\n<li>Cloud Computing <a href=\"https:\/\/www.hksys.de\/cms16\/cloud-computing-und-hosting\/\">&gt;&gt;<\/a><\/li>\n<li>Industrielle IT <a href=\"https:\/\/www.hksys.de\/cms16\/pgim-pgim-aqua-symphony-plus-historian\/\">&gt;&gt;<\/a><\/li>\n<li>Beschaffung und Distribution <a href=\"https:\/\/www.hksys.de\/cms16\/agentur-beschaffung-distribution\/\">&gt;&gt;<\/a><\/li>\n<li>Coaching und Seminare\u00a0<a href=\"https:\/\/www.hksys.de\/cms16\/training-und-seminare\/\">&gt;&gt;<\/a><\/li>\n<\/ul>\n<p><a href=\"https:\/\/www.hksys.de\/cms16\/newsreferenzen\/\">Projektwelt &gt;&gt;<\/a><\/p>\n<p>&nbsp;<\/p>\n<p>&nbsp;<\/p>\n","protected":false},"excerpt":{"rendered":"<p>&nbsp; Ihr engagierter und kompetenter Partner in den Bereichen: K\u00fcnstliche Intelligenz f\u00fcr industrielle Anwendungen &gt;&gt; Innovative IT-L\u00f6sungen &gt;&gt; Beratung, Planung und Begleitung von Innovationen und Investitionen &gt;&gt; Qualit\u00e4tssicherung und Auditbegleitung &gt;&gt; Sachverst\u00e4ndigenleistungen und Gutachten &gt;&gt; Cybersecurity\/Cyberdefense und IT-Forensik &gt;&gt; Begleitung und Design zur Auditierung und Zertifizierung ISO 27001 KRITIS und&hellip; <\/p>\n","protected":false},"author":1,"featured_media":0,"parent":0,"menu_order":0,"comment_status":"closed","ping_status":"closed","template":"","meta":{"footnotes":""},"class_list":["post-1564","page","type-page","status-publish","hentry"],"_links":{"self":[{"href":"https:\/\/hksys.de\/cms16\/wp-json\/wp\/v2\/pages\/1564","targetHints":{"allow":["GET"]}}],"collection":[{"href":"https:\/\/hksys.de\/cms16\/wp-json\/wp\/v2\/pages"}],"about":[{"href":"https:\/\/hksys.de\/cms16\/wp-json\/wp\/v2\/types\/page"}],"author":[{"embeddable":true,"href":"https:\/\/hksys.de\/cms16\/wp-json\/wp\/v2\/users\/1"}],"replies":[{"embeddable":true,"href":"https:\/\/hksys.de\/cms16\/wp-json\/wp\/v2\/comments?post=1564"}],"version-history":[{"count":2,"href":"https:\/\/hksys.de\/cms16\/wp-json\/wp\/v2\/pages\/1564\/revisions"}],"predecessor-version":[{"id":4722,"href":"https:\/\/hksys.de\/cms16\/wp-json\/wp\/v2\/pages\/1564\/revisions\/4722"}],"wp:attachment":[{"href":"https:\/\/hksys.de\/cms16\/wp-json\/wp\/v2\/media?parent=1564"}],"curies":[{"name":"wp","href":"https:\/\/api.w.org\/{rel}","templated":true}]}}