{"id":4707,"date":"2024-04-28T15:54:58","date_gmt":"2024-04-28T13:54:58","guid":{"rendered":"https:\/\/hksys.de\/cms16\/?page_id=4707"},"modified":"2025-01-01T15:29:21","modified_gmt":"2025-01-01T14:29:21","slug":"kuenstliche-intelligenz-fuer-industrielle-anwendungen","status":"publish","type":"page","link":"https:\/\/hksys.de\/cms16\/kuenstliche-intelligenz-fuer-industrielle-anwendungen\/","title":{"rendered":"K\u00fcnstliche Intelligenz f\u00fcr industrielle Anwendungen"},"content":{"rendered":"<div class=\"sticky top-0 z-10 flex min-h-[40px] items-center justify-center border-b border-token-border-medium bg-token-main-surface-primary pl-1 md:hidden\">\n<div id=\"radix-:r5:\" class=\"group flex cursor-pointer items-center gap-1 rounded-xl py-2 px-3 text-lg font-medium hover:bg-token-main-surface-secondary radix-state-open:bg-token-main-surface-secondary\" aria-haspopup=\"menu\" aria-expanded=\"false\" data-state=\"closed\">\n<div>\n<hr \/>\n<\/div>\n<\/div>\n<\/div>\n<p><em><img loading=\"lazy\" decoding=\"async\" class=\"alignnone wp-image-4723 size-large\" src=\"https:\/\/hksys.de\/cms16\/wp-content\/uploads\/2024\/04\/IMG_0497-1024x1024.jpeg\" alt=\"\" width=\"1024\" height=\"1024\" srcset=\"https:\/\/hksys.de\/cms16\/wp-content\/uploads\/2024\/04\/IMG_0497-1024x1024.jpeg 1024w, https:\/\/hksys.de\/cms16\/wp-content\/uploads\/2024\/04\/IMG_0497-300x300.jpeg 300w, https:\/\/hksys.de\/cms16\/wp-content\/uploads\/2024\/04\/IMG_0497-150x150.jpeg 150w, https:\/\/hksys.de\/cms16\/wp-content\/uploads\/2024\/04\/IMG_0497-768x768.jpeg 768w, https:\/\/hksys.de\/cms16\/wp-content\/uploads\/2024\/04\/IMG_0497-500x500.jpeg 500w, https:\/\/hksys.de\/cms16\/wp-content\/uploads\/2024\/04\/IMG_0497.jpeg 1125w\" sizes=\"auto, (max-width: 1024px) 100vw, 1024px\" \/><\/em><\/p>\n<p>&nbsp;<\/p>\n<div class=\"sticky top-0 z-10 flex min-h-[40px] items-center justify-center border-b border-token-border-medium bg-token-main-surface-primary pl-1 md:hidden\">\n<div id=\"radix-:r5:\" class=\"group flex cursor-pointer items-center gap-1 rounded-xl py-2 px-3 text-lg font-medium hover:bg-token-main-surface-secondary radix-state-open:bg-token-main-surface-secondary\" aria-haspopup=\"menu\" aria-expanded=\"false\" data-state=\"closed\">\n<div>\n<ul>\n<li><em>Unser Unternehmen ist Vorreiter auf dem Gebiet der k\u00fcnstlichen Intelligenz (KI) f\u00fcr industrielle Anwendungen.<\/em><\/li>\n<li><em>Mit unserem fundierten Fachwissen und unserer langj\u00e4hrigen Erfahrung unterst\u00fctzen wir Unternehmen dabei, die Leistungsf\u00e4higkeit ihrer Produktionsprozesse durch den Einsatz von KI zu optimieren.<\/em><\/li>\n<li>Unsere ma\u00dfgeschneiderten L\u00f6sungen umfassen die Implementierung von Machine Learning-Algorithmen, Predictive Maintenance-Systemen und fortschrittlichen Datenanalysemethoden, um Ausfallzeiten zu minimieren, die Effizienz zu steigern und die Produktqualit\u00e4t zu verbessern.<\/li>\n<li>Erfahren Sie mehr \u00fcber unsere KI-L\u00f6sungen und wie sie Ihre industriellen Abl\u00e4ufe revolutionieren k\u00f6nnen.<\/li>\n<\/ul>\n<\/div>\n<\/div>\n<div><\/div>\n<\/div>\n<div><\/div>\n<div><\/div>\n","protected":false},"excerpt":{"rendered":"<p>&nbsp; Unser Unternehmen ist Vorreiter auf dem Gebiet der k\u00fcnstlichen Intelligenz (KI) f\u00fcr industrielle Anwendungen. Mit unserem fundierten Fachwissen und unserer langj\u00e4hrigen Erfahrung unterst\u00fctzen wir Unternehmen dabei, die Leistungsf\u00e4higkeit ihrer Produktionsprozesse durch den Einsatz von KI zu optimieren. Unsere ma\u00dfgeschneiderten L\u00f6sungen umfassen die Implementierung von Machine Learning-Algorithmen, Predictive Maintenance-Systemen und&hellip; <\/p>\n","protected":false},"author":1,"featured_media":0,"parent":0,"menu_order":0,"comment_status":"closed","ping_status":"closed","template":"","meta":{"footnotes":""},"class_list":["post-4707","page","type-page","status-publish","hentry"],"_links":{"self":[{"href":"https:\/\/hksys.de\/cms16\/wp-json\/wp\/v2\/pages\/4707","targetHints":{"allow":["GET"]}}],"collection":[{"href":"https:\/\/hksys.de\/cms16\/wp-json\/wp\/v2\/pages"}],"about":[{"href":"https:\/\/hksys.de\/cms16\/wp-json\/wp\/v2\/types\/page"}],"author":[{"embeddable":true,"href":"https:\/\/hksys.de\/cms16\/wp-json\/wp\/v2\/users\/1"}],"replies":[{"embeddable":true,"href":"https:\/\/hksys.de\/cms16\/wp-json\/wp\/v2\/comments?post=4707"}],"version-history":[{"count":3,"href":"https:\/\/hksys.de\/cms16\/wp-json\/wp\/v2\/pages\/4707\/revisions"}],"predecessor-version":[{"id":4772,"href":"https:\/\/hksys.de\/cms16\/wp-json\/wp\/v2\/pages\/4707\/revisions\/4772"}],"wp:attachment":[{"href":"https:\/\/hksys.de\/cms16\/wp-json\/wp\/v2\/media?parent=4707"}],"curies":[{"name":"wp","href":"https:\/\/api.w.org\/{rel}","templated":true}]}}